base 15, what is -1cc0c - -2?
-1cc0a
In base 3, what is 20101022 - 1121?
20022201
In base 12, what is -b - 35b61?
-35b70
In base 5, what is 4 + 3024340?
3024344
In base 12, what is -7 + -244490?
-244497
In base 2, what is 100 + -11111101110?
-11111101010
In base 12, what is -116 + 7b?
-57
In base 10, what is 3 - -70139?
70142
In base 9, what is 16632 - 4?
16627
In base 15, what is -3d67 - -1?
-3d66
In base 15, what is 1588 - 1?
1587
In base 6, what is -24 + 440132?
440104
In base 13, what is -100231 + 4?
-10022a
In base 9, what is -137 + 33470?
33332
In base 8, what is -50 + 15467?
15417
In base 14, what is 144a0 + -1?
1449d
In base 2, what is -11101001000 + 10011011?
-11010101101
In base 7, what is -206063 + -1?
-206064
In base 8, what is -36066 - -6?
-36060
In base 7, what is 14314 - -4?
14321
In base 5, what is 10 - 1014340?
-1014330
In base 5, what is -31334 - 121?
-32010
In base 16, what is 59a - 3f?
55b
In base 13, what is 22cac + -4b?
22c61
In base 4, what is 210233 + -213?
210020
In base 13, what is -884b2 + -5?
-884b7
In base 8, what is -3510 + 175?
-3313
In base 2, what is -10 - 1000010111010010101?
-1000010111010010111
In base 11, what is 2 + -14746a?
-147468
In base 4, what is 313 + -30122?
-23203
In base 10, what is 81 - -426?
507
In base 10, what is -5 - 95815?
-95820
In base 10, what is -3 - 156081?
-156084
In base 14, what is -768 - -c?
-75a
In base 13, what is 3324 + 4?
3328
In base 4, what is -112 - 1032132?
-1032310
In base 14, what is -31 - 1a740?
-1a771
In base 16, what is 1add + 6d?
1b4a
In base 15, what is 9b - 1a7?
-10b
In base 14, what is 36 - -6787?
67bd
In base 12, what is -307 - 920?
-1027
In base 2, what is -101100111 - -100010?
-101000101
In base 7, what is -1431342 + 1?
-1431341
In base 10, what is -40336 - -2?
-40334
In base 16, what is -1df - -1f?
-1c0
In base 15, what is -147 - -4d?
-e9
In base 12, what is -7b6 - 24?
-81a
In base 9, what is -158 - 361?
-530
In base 6, what is -3122 + 2240?
-442
In base 11, what is 70 + -6268?
-61a8
In base 3, what is 210201122220 - 12?
210201122201
In base 16, what is -22 + 658?
636
In base 15, what is -1bb + 25c1?
2405
In base 4, what is -1321 + -111?
-2032
In base 11, what is -2377 + 8?
-236a
In base 14, what is 5 - 7c444?
-7c43d
In base 3, what is -2222 - 1102001?
-1112000
In base 7, what is -1 + -211265?
-211266
In base 13, what is 73819 + 4?
73820
In base 12, what is 261371 + 4?
261375
In base 9, what is 0 + 40664?
40664
In base 12, what is 137 - 356?
-21b
In base 8, what is 156 + 44651?
45027
In base 2, what is 1 + -101001100101110?
-101001100101101
In base 6, what is -121122 + 4?
-121114
In base 10, what is -22 + -53001?
-53023
In base 11, what is 4531 + 293?
4814
In base 9, what is 61417 + -17?
61400
In base 4, what is 12213012 + -2?
12213010
In base 14, what is 2ad42 + d?
2ad51
In base 10, what is 6326 + 19?
6345
In base 3, what is -102100022002 - 12?
-102100022021
In base 16, what is 2408 + -68?
23a0
In base 11, what is -3 - -2735?
2732
In base 16, what is -f5f5 - d?
-f602
In base 12, what is 1a48b0 + 10?
1a4900
In base 9, what is -288 - -261?
-27
In base 7, what is 3341114 - 4?
3341110
In base 13, what is -3 - -8c18?
8c15
In base 12, what is 433639 + -4?
433635
In base 11, what is 4636944 - -3?
4636947
In base 8, what is 415 - 33001?
-32364
In base 15, what is -2a5 + 1dc?
-b8
In base 2, what is 10100 - -11010100?
11101000
In base 7, what is -10 + -13130?
-13140
In base 11, what is -a271 + -3?
-a274
In base 3, what is 2 - 1102100122?
-1102100120
In base 5, what is 233201 - 3002?
230144
In base 3, what is 12210022102 + -22?
12210022010
In base 2, what is 100111010 - -110110101?
1011101111
In base 4, what is 201001200 - -3?
201001203
In base 8, what is -4 - 43014?
-43020
In base 10, what is -1914 - 134?
-2048
In base 2, what is -101010001 + -1000011010?
-1101101011
In base 15, what is 5ec + 4e?
64b
In base 11, what is 25679 + 3?
25681
In base 7, what is 1 - 20122405?
-20122404
In base 2, what is -1000010 - 1101011110101?
-1101100110111
In base 9, what is 105 - 8725?
-8620
In base 4, what is 31 + 121031?
121122
In base 2, what is 10000111001111111100 - -1?
10000111001111111101
In base 5, what is 43123 + 4323?
103001
In base 6, what is 3415 - -2124?
5543
In base 13, what is -a458 + 1?
-a457
In base 7, what is 5 + 114544?
114552
In base 11, what is -75402 - -3?
-753aa
In base 10, what is -171 + -120?
-291
In base 15, what is -1137 + 245?
-de2
In base 2, what is 0 + -10111110101100?
-10111110101100
In base 10, what is 187 - -110?
297
In base 11, what is -1159 + 892?
-377
In base 4, what is 1213120 + 1?
1213121
In base 7, what is -1305100 + 3?
-1305064
In base 15, what is 32056 - 3?
32053
In base 13, what is bc4c - -3?
bc52
In base 11, what is -2 + 4321?
431a
In base 3, what is -221 + 2110110?
2102112
In base 13, what is -23 + 166?
143
In base 7, what is -32435 - -26?
-32406
In base 14, what is 774 - -1?
775
In base 15, what is -15 - -c16?
c01
In base 2, what is 1000001000101100 + 10100?
1000001001000000
In base 5, what is 0 - -330403?
330403
In base 12, what is -1 + 64a9b?
64a9a
In base 8, what is 527 - 141?
366
In base 16, what is 4 + 4a4?
4a8
In base 12, what is -b - -22580?
22571
In base 16, what is -30c1 + -4?
-30c5
In base 16, what is -115f - -2?
-115d
In base 9, what is 0 - -27416?
27416
In base 4, what is 13311 + 302?
20213
In base 15, what is -72 + -a1?
-123
In base 15, what is 11 - 1e73?
-1e62
In base 14, what is 936 + 96?
9cc
In base 8, what is -74017 + -1?
-74020
In base 7, what is -606332 + 1?
-606331
In base 6, what is -12 + 411?
355
In base 2, what is -11001000100110001 - 1?
-11001000100110010
In base 11, what is 86a - a13?
-154
In base 6, what is 212 - -54115?
54331
In base 2, what is -101101001101111 - 11110?
-101101010001101
In base 6, what is 1 + -33455?
-33454
In base 7, what is 24 + -2464?
-2440
In base 7, what is -6310432 - 1?
-6310433
In base 3, what is 102220222 - -12?
102221011
In base 4, what is -2 - 30023202?
-30023210
In base 14, what is -333 + -125?
-458
In base 14, what is 16d089 - 0?
16d089
In base 9, what is -324 - -8304?
7870
In base 2, what is 110010110110101 + 100110?
110010111011011
In base 5, what is 312231 + 4?
312240
In base 4, what is 1110333013 - 1?
1110333012
In base 9, what is -1 - 65408?
-65410
In base 2, what is 111111111011010 - 1001?
111111111010001
In base 16, what is 0 - d676?
-d676
In base 6, what is 14 - 120?
-102
In base 11, what is 1a - a95?
-a76
In base 16, what is -3c0a - 5?
-3c0f
In base 2, what is -101 - -100001010001111?
100001010001010
In base 5, what is -4134244 + -1?
-4134300
In base 2, what is -111010000 - -1111011?
-101010101
In base 14, what is 6 + -682?
-67a
In base 8, what is -2 - -70553?
70551
In base 12, what is -4b64 + 121?
-4a43
In base 14, what is -18b6 - -a?
-18aa
In base 14, what is -7 + -21c81?
-21c88
In base 6, what is -1545 + 5?
-1540
In base 15, what is -11b5 - -e?
-11a6
In base 10, what is 17272 - -2?
17274
In base 6, what is 14205 - -22?
14231
In base 8, what is 14204 + -20?
14164
In base 11, what is -387 - -1547?
1170
In base 10, what is 2 - -6509?
6511
In base 3, what is 22 + -1201020210?
-1201020111
In base 15, what is 30 + -3823?
-37e3
In base 2, what is 1000011 - 11011000111010?
-11010111110111
In base 5, what is 140 - 3201?
-3011
In base 11, what is -1 + 34075?
34074
In base 14, what is -344c4 - 0?
-344c4
In base 14, what is -61c - 2c?
-64a
In base 2, what is 110010 + 100000001100?
100000111110
In base 2, what is 101 + 1010001010011111110?
1010001010100000011
In base 3, what is 10221100122 - 11?
10221100111
In base 12, what is -b - -34?
25
In base 7, what is 462 - 15?
444
In base 16, what is -13e + 5?
-139
In base 12, what is -63 + 7a40?
7999
In base 9, what is -53 + 703?
640
In base 12, what is -2654 - 1?
-2655
In base 9, what is 1 + 758531?
758532
In base 11, what is -59 + a38?
98a
In base 2, what is 111000011110110001 + 11?
111000011110110100
In base 12, what is 18 - -1087?
10a3
In base 4, what is 101102331 - 1?
101102330
In base 10, what is 20 - 9042?
-9022
In base 13, what is 2 + -2c55bb?
-2c55b9
In base 3, what is -12 - -202020020?
202020001
In base 6, what is -5411 - -3?
-5404
In base 13, what is -3 - -1992?
198c
In base 14, what is 1 + 1670d?
16710
In base 5, what is -43123 + 3